n). Calculate m(-3).
-3
Let c(y) = -3. Let n(f) = f - 10. Let b(i) = -7*c(i) + 2*n(i). Let m = 24 - 19. Give b(m).
11
Let z be (-12)/(-21)*(-35)/(-10). Let j(f) = 0*f - f + 3 - f. Calculate j(z).
-1
Let w(b) = 3*b + 2. Let u(a) be the first derivative of -3 - 2*a + 1/2*a**2. Let y be u(4). Give w(y).
8
Suppose 5*t - 28 = 2. Let s be (-26)/t + 10/(-15). Let h(k) = -k**2 - 5*k + 1. What is h(s)?
1
Let x(z) = -z**2 - 5*z + 4. Let s be x(-5). Suppose 5*k = 3*n - 5*n - 31, s*k + 17 = n. Let q(w) = -w**2 - 4*w - 4. Give q(n).
-1
Let c(t) = t**3 + 2*t**2 - 3*t + 3. Let d be c(-3). Let q(w) = -13*w**2 + 13*w**2 - d*w**3 + w. Calculate q(1).
-2
Suppose 4*o = 3 + 9. Suppose o*w + 6 = -9. Let j = w + 3. Let v(r) = 3*r - 1. Determine v(j).
-7
Let i = -95 - -101. Let v(t) = t**2 + 1 - 6*t + 3 + 1. What is v(i)?
5
Suppose -7 = -9*z - 34. Let d(s) = s**3 + s**2 - 3*s + 1. What is d(z)?
-8
Let y be ((-3)/(-9))/(-1)*-15. Let r(g) = -g + y*g + 1 + 5*g**2 - 2*g. Determine r(-1).
4
Let w(r) = 12*r - 2*r**2 - 9*r**2 + r**3 - 45 + 38. Determine w(10).
13
Let p be -4*2/8*-3. Let g(t) = -2*t**2 - 3*t**2 - t**p + 4 - 2. Suppose 8*m = 3*m - 25. Give g(m).
2
Let x(o) be the second derivative of -o**5/60 - o**4/24 - o**3/6 + o**2/2 - 3*o. Let v(z) be the first derivative of x(z). Calculate v(-4).
-13
Let x = 126 - 119. Let d(t) = -t + 7. Calculate d(x).
0
Let m = -3 + 21. Let c(s) = s**2 + 2*s - 9. Let h(p) = -1. Let b(w) = m*h(w) - 2*c(w). Let y(k) = -k + 1. Let g(a) = -b(a) + y(a). Give g(-2).
3
Let z(c) be the second derivative of c**5/20 + c**4/3 - c**3/6 + c**2/2 - 11*c. Let j be (-1 + 0)/(1/4). Give z(j).
5
Let z(a) = a - 1. Suppose d - 2*d + 1 = 0. Suppose 5 = 2*x + d. Let o = x - 8. Give z(o).
-7
Let m be (-108)/14 + 4/(-14). Let i(u) = u**3 + 9*u**2 + 7*u - 2. Calculate i(m).
6
Let m(z) = -3*z**2 - 3*z - 2. Suppose -5*f + 49 = 19. Let h(x) = -x**3 + 5*x**2 + 8*x - 8. Let b be h(f). Suppose 2*q + 3*q = -3*o - 7, 4 = b*o. Give m(q).
-8
Suppose 5*d = b + 32, -4*d + 17*b = 12*b - 34. Let v(u) = -6 + u - 1 - 1. Determine v(d).
-2
Let q(w) = 1 + w + 3*w**2 - 6*w**2 + 2*w**2. Suppose 5*t = 3*t + 4*h - 26, -3*t + 2*h - 19 = 0. Let s = t - -3. Give q(s).
1
Let g(h) be the third derivative of -h**4/24 + h**3/2 + 3*h**2. Suppose -5*b + l = -0*l + 13, -b + 4*l + 5 = 0. Determine g(b).
6
Let r(j) = j**3 + 8*j**2 + 2*j + 12. Suppose -3*z - 39 = -v - 2*v, 4*z = 3*v - 47. Calculate r(z).
-4
Let z(d) be the second derivative of -d**4/12 + d**3/6 + d**2 + 11*d - 1. Determine z(-1).
0
Let y(j) = -j**3 - 2*j - 1. Let l be y(-1). Let h(n) = 4*n**3 - 3*n**2 + 2*n - 3. Determine h(l).
21
Suppose -20 = -5*h - 0*h. Let v(o) = -2*o - 8. Let r be v(-6). Let u(t) = t**2 + 7*t - 2*t**2 - t - r. Determine u(h).
4
Let j(o) = o**3 - 5*o**2 + 3*o + 3. Let n be 6*((-3)/(-9) - 1). Let r = n + 6. Suppose 9 = r*y + y. What is j(y)?
-6
Let c(v) = -v**2 - 3*v + 2. Let i(u) = -u**2 - u + 2*u**2 - 2 + 0*u**3 + u**2 - u**3. Let x be i(2). Determine c(x).
-2
Let x be (-4)/(-6) - 13/(-3). Suppose -y = -x*h, -4*y = -0*y + 5*h. Let q(i) = 4*i + 1 - i**2 + 2*i + y. Determine q(5).
6
Let r(c) = 3*c**2 - 1. Suppose -4*d = -3*y + 10 + 6, -3*y - 4 = d. Suppose f - 1 + 2 = y. Give r(f).
2
Let w(c) = -c**3 - 7*c**2 - 6*c - 7. Suppose 3*a = 4*a + 6. Determine w(a).
-7
Let j(m) = 12 - 5 - 4*m - 3. Calculate j(-3).
16
Let c(o) = -o + 1. Let h(l) = 5*l - 4. Let a(q) = -4*c(q) - h(q). Let t(b) = -b - 2. Let p be t(-7). Suppose 0*r + 5*r - 4*m + 30 = 0, p*m = 0. What is a(r)?
6
Let q(d) = 2*d - 2. Let c(g) = g + 1. Let h(y) = c(y) + q(y). Suppose -2*b + 2*m = -12 - 6, -4*b + m = -24. Suppose 4*v = -v - b. Determine h(v).
-4
Let i be (-2)/6*-9 + 4. Let l(p) = -p**2 + 5*p + 7. Give l(i).
-7
Let p = -7/8 - -25/24. Let g(o) be the second derivative of -1/6*o**4 + 1/10*o**5 + 0 + o + o**2 - p*o**3. What is g(2)?
8
Suppose 2*p + 13 = -5*l, 0*l - l + 5*p + 19 = 0. Let h(z) = z + 2. Determine h(l).
1
Let k = 7 - 2. Let v(j) = j**2 - 12*j - 8. Let z(r) = -2*r - 1. Let w(a) = -v(a) + 4*z(a). Give w(k).
-1
Let y = 69/4 + -17. Let u(b) be the third derivative of -y*b**4 - b**2 + 0*b + 0 + 1/60*b**5 - 1/6*b**3. What is u(4)?
-9
Let l(u) = 9*u**2 - u. Let c be (-2)/(-5) + (-2)/5. Let r(g) = -g**3 - 4*g**2 + 2*g + 12. Let f be r(-4). Suppose -3*z - z + f = c. Give l(z).
8
Let j(i) = 1 - 5*i + 3*i - 4. Let z be (-8)/(-6) - 6/(-9). Suppose 0 = w - 4*g + 5, -z*w - 2*g = -5*w - 15. Determine j(w).
7
Let y(w) = w**3 - 11*w**2 - 11*w - 16. Let b be y(12). Let r(d) = -d**3 - 3*d**2 - 5*d + 7*d + 5*d + 5. Give r(b).
-7
Let o(x) be the third derivative of -x**7/1680 + x**6/180 + x**5/20 + 3*x**2. Let z(f) be the third derivative of o(f). What is z(3)?
-5
Let y be 5 + -1 - (0 + 0). Let l(t) = 10*t - t - 4*t - 2*t**2 - y*t. Let w = -3 + 2. What is l(w)?
-3
Let a(f) = -f**3 + 5*f**2 - 5*f - 2. Let u be a(4). Let r = 4 + u. Let h = -2 - r. Let n(y) = y**3 + 3. What is n(h)?
3
Let v(q) = 4*q + 3. Let n(j) = -j + 21. Let g be n(11). Let f(k) = 3*k - 5. Let y be f(4). Let s = y - g. What is v(s)?
-9
Suppose 4*n = 2 - 22. Let j(p) be the second derivative of p**4/12 + 5*p**3/6 + p**2 - 22*p. Calculate j(n).
2
Let z(v) be the third derivative of -1/15*v**5 + 0 + 0*v - 2*v**2 + 1/6*v**3 + 1/12*v**4. Calculate z(-1).
-5
Let a(c) be the second derivative of c**5/20 - c**4/12 - 5*c. Determine a(-1).
-2
Let g be (-15)/10*(-20)/6. Let p(f) = -f**2 + 5*f + 2. Let a be p(g). Let x(o) = 4*o - o - a*o + 7. Give x(-5).
2
Let r(g) = 2*g**2 + 3*g - 2. Let y = -30 - -42. Suppose -y = 3*o + o. Determine r(o).
7
Let d(j) = -j**2 + 10*j + 9. Let l(w) = w**3 - 8*w**2 + 8*w + 4. Let m be l(7). Determine d(m).
-2
Let w(v) = -8*v**3 - v**2 - v + 1. Let a = -34 - -35. Determine w(a).
-9
Suppose 0*w = 3*w + 9. Let k = w - -5. Let r(x) = -k*x - 7 + 7. Calculate r(2).
-4
Let j(k) = -k. Let n(c) = 1. Let w(l) = -j(l) + n(l). Let p(h) = -h**2 - 8*h + 4. Let r be p(-8). Determine w(r).
5
Suppose 5*x = 3*x - 4*v - 14, -2*x - 23 = -5*v. Let p(f) = f + 12. Let d be p(x). Let r be 0 - (-1 + d + -1). Let y(a) = -a**3 - a**2 - a - 1. Give y(r).
0
Suppose 0 = 2*r - 3*n + 1, 2*r + n = 3*r. Let x be r/(-1) + -2 - 0. Let d(h) = -13*h - 8. Let t(c) = 3*c + 2. Let s(p) = -2*d(p) - 9*t(p). Calculate s(x).
1
Let p be (2 - 7)*(-16)/(-5). Let q = -23 - p. Let u(l) = 2*l + 10. What is u(q)?
-4
Let q be 1/(1/(-1)) - 0. Let l(y) = y + 3. Let u(i) = -i**2 + i + 3. Let m(w) = 2*l(w) - 3*u(w). Let c(z) be the first derivative of m(z). Calculate c(q).
-7
Let c be 8/32 + 2/(-8). Suppose c*t = -4*t + 12. Let s(w) be the third derivative of -w**4/6 + w**3/3 + 2*w**2. What is s(t)?
-10
Let n(w) = w**3 - 5*w**2 + 5*w + 3. Let q be (-6)/((-5)/(20/(-6))). Let u = -6 - q. Let l = u - -6. Calculate n(l).
7
Let m(p) = 4*p - 1. Let d = -12 + 20. Let g = d + -6. Calculate m(g).
7
Suppose 0 = 2*l - 6*l + 40. Suppose 2*n = -2*m + 2, l = -m + 3*m - 2*n. Let u be (m - 0) + 0 - 5. Let c(b) = -b**3 - 3*b**2 + b - 2. Give c(u).
-8
Let q(m) = 2*m**2 - 2*m + 3. Let y = 16 + -14. Calculate q(y).
7
Suppose 0 = -3*z + 15. Let n(k) = -k + 2. Give n(z).
-3
Suppose -3*f = 1 + 17. Let l(o) = 8*o + 9. Let w(y) = y + 1. Let z(r) = f*l(r) + 51*w(r). Determine z(2).
3
Let t(m) = -m**2 + 5*m + 6. Let h(u) = -u**2 + 4*u + 6. Let o(l) = -6*h(l) + 5*t(l). Let k(g) = -3*g**2 - 3*g + 19. Let i(y) = -2*k(y) - 7*o(y). Determine i(0).
4
Let f(c) = -c**2 - c + 6. Let m = 7 + -7. Suppose m = -3*d + 12, -l = 4*d - 16. What is f(l)?
6
Suppose 3*x - 2*g = -0*x - 4, -2*x - 5*g = -10. Let p(k) = -k - 4. Let y(z) = -2*z - 7. Let n(c) = -5*p(c) + 3*y(c). Determine n(x).
-1
Let r(q) = 2*q**2 + 5*q + 7. Let h = -5 + -3. Let d be 2/17 + (-265)/85. Let f(y) = -5*y**2 - 15*y - 20. Let m(c) = d*f(c) + h*r(c). What is m(5)?
4
Let m(s) be the second derivative of s**4/12 - s**3 + s**2 + 4*s. Suppose 2*t - 5 = 4*t - 5*p, -5*t + p + 22 = 0. Give m(t).
-3
Let r(k) be the third derivative of k**4/12 - 11*k**3/6 - 5*k**2 + 2. Calculate r(9).
7
Let u(m) = -m**3 - 4*m**2 + 6*m - 4. Let l be u(-5). Let k = -1 - l. Let c(t) = -t**2 + 8*t - 3. Let s be c(k). Let h(n) = -n**2 - n - 3. Calculate h(s).
-9
Let w(s) = 6*s**2 - 2*s - 7. Let v(x) = -5*x**2 + x + 6. Let h(y) = -5*v(y) - 4*w(y). Give h(2).
8
Let l(q) = -q. Let v(i) = -i**2 + i - 2. Let u be v(-2). Let t(b)